{"id":56,"date":"2021-09-08T14:47:22","date_gmt":"2021-09-08T17:47:22","guid":{"rendered":"https:\/\/cbhbois.meioambiente.go.gov.br\/?page_id=56"},"modified":"2023-02-17T11:11:31","modified_gmt":"2023-02-17T14:11:31","slug":"portarias","status":"publish","type":"page","link":"https:\/\/cbhbois.meioambiente.go.gov.br\/?page_id=56","title":{"rendered":"Of\u00edcios e Portarias"},"content":{"rendered":"\n<div class=\"wp-block-atomic-blocks-ab-accordion ab-block-accordion\"><details><summary class=\"ab-accordion-title\">Of\u00edcios<\/summary><div class=\"ab-accordion-text\">\n<p><a href=\"https:\/\/cbhbois.meioambiente.go.gov.br\/wp-content\/uploads\/2022\/01\/Oficio-001-2020-GT-Plano.pdf\" data-type=\"URL\" data-id=\"https:\/\/cbhbois.meioambiente.go.gov.br\/wp-content\/uploads\/2022\/01\/Oficio-001-2020-GT-Plano.pdf\" target=\"_blank\" rel=\"noreferrer noopener\">Of\u00edcio 001 &#8211; 2020 &#8211; GT Plano<\/a><\/p>\n\n\n\n<p><a href=\"https:\/\/cbhbois.meioambiente.go.gov.br\/wp-content\/uploads\/2022\/01\/Oficio-006-2019-Representante.pdf\" data-type=\"URL\" data-id=\"https:\/\/cbhbois.meioambiente.go.gov.br\/wp-content\/uploads\/2022\/01\/Oficio-006-2019-Representante.pdf\" target=\"_blank\" rel=\"noreferrer noopener\">Of\u00edcio 006 &#8211; 2019 &#8211; Representante<\/a><\/p>\n\n\n\n<p><a href=\"https:\/\/cbhbois.meioambiente.go.gov.br\/wp-content\/uploads\/2022\/01\/Oficio-005-2019-Encaminha-Deliberacoes-10-e-11.pdf\" data-type=\"URL\" data-id=\"https:\/\/cbhbois.meioambiente.go.gov.br\/wp-content\/uploads\/2022\/01\/Oficio-005-2019-Encaminha-Deliberacoes-10-e-11.pdf\" target=\"_blank\" rel=\"noreferrer noopener\">Of\u00edcio 005 &#8211; 2019 &#8211; Encaminha Delibera\u00e7\u00f5es 10 e 11<\/a><\/p>\n\n\n\n<p><a href=\"https:\/\/cbhbois.meioambiente.go.gov.br\/wp-content\/uploads\/2022\/01\/Oficio-001-2019-CERH-Encaminha-Deliberacao-07.pdf\" data-type=\"URL\" data-id=\"https:\/\/cbhbois.meioambiente.go.gov.br\/wp-content\/uploads\/2022\/01\/Oficio-001-2019-CERH-Encaminha-Deliberacao-07.pdf\" target=\"_blank\" rel=\"noreferrer noopener\">Of\u00edcio 001 &#8211; 2019 &#8211; CERH &#8211; Encaminha Delibera\u00e7\u00e3o 07<\/a><\/p>\n\n\n\n<p><a href=\"https:\/\/cbhbois.meioambiente.go.gov.br\/wp-content\/uploads\/2022\/01\/Oficio-002-2018-CERH-Conflito.pdf\" data-type=\"URL\" data-id=\"https:\/\/cbhbois.meioambiente.go.gov.br\/wp-content\/uploads\/2022\/01\/Oficio-002-2018-CERH-Conflito.pdf\" target=\"_blank\" rel=\"noreferrer noopener\">Of\u00edcio 002 &#8211; 2018 &#8211; CERH &#8211; Conflito<\/a><\/p>\n\n\n\n<p><a href=\"https:\/\/cbhbois.meioambiente.go.gov.br\/wp-content\/uploads\/2022\/01\/Oficio-002-2018-GERENCIA-DE-PLANEJAMENTO-Conflito.pdf\" data-type=\"URL\" data-id=\"https:\/\/cbhbois.meioambiente.go.gov.br\/wp-content\/uploads\/2022\/01\/Oficio-002-2018-GERENCIA-DE-PLANEJAMENTO-Conflito.pdf\" target=\"_blank\" rel=\"noreferrer noopener\">Of\u00edcio 002 &#8211; 2018 &#8211; GER\u00caNCIA DE PLANEJAMENTO &#8211; Conflito<\/a><\/p>\n\n\n\n<p><a href=\"https:\/\/cbhbois.meioambiente.go.gov.br\/wp-content\/uploads\/2022\/01\/Oficio-001-2018-RIO-PARANAIBA-Indicacao-de-representantes.pdf\" data-type=\"URL\" data-id=\"https:\/\/cbhbois.meioambiente.go.gov.br\/wp-content\/uploads\/2022\/01\/Oficio-001-2018-RIO-PARANAIBA-Indicacao-de-representantes.pdf\" target=\"_blank\" rel=\"noreferrer noopener\">Of\u00edcio 001 &#8211; 2018 &#8211; RIO PARANA\u00cdBA &#8211; Indica\u00e7\u00e3o de representantes<\/a><\/p>\n\n\n\n<p><a href=\"https:\/\/cbhbois.meioambiente.go.gov.br\/wp-content\/uploads\/2022\/01\/Oficio-000-2018-Solicitacao-de-Parecer.pdf\" data-type=\"URL\" data-id=\"https:\/\/cbhbois.meioambiente.go.gov.br\/wp-content\/uploads\/2022\/01\/Oficio-000-2018-Solicitacao-de-Parecer.pdf\" target=\"_blank\" rel=\"noreferrer noopener\">Oficio 000 &#8211; 2018 &#8211; Solicita\u00e7\u00e3o de Parecer<\/a><\/p>\n\n\n\n<p><a href=\"https:\/\/cbhbois.meioambiente.go.gov.br\/wp-content\/uploads\/2022\/01\/Oficio-030-2017-ACIRV-Solicitacao-de-auditorio.pdf\" data-type=\"URL\" data-id=\"https:\/\/cbhbois.meioambiente.go.gov.br\/wp-content\/uploads\/2022\/01\/Oficio-030-2017-ACIRV-Solicitacao-de-auditorio.pdf\" target=\"_blank\" rel=\"noreferrer noopener\">Of\u00edcio 030 &#8211; 2017 &#8211; ACIRV &#8211; Solicita\u00e7\u00e3o de audit\u00f3rio<\/a><\/p>\n\n\n\n<p><a href=\"https:\/\/cbhbois.meioambiente.go.gov.br\/wp-content\/uploads\/2022\/01\/Oficio-029-2017-RIO-PARANAIBA-Indicacao-CT.pdf\" data-type=\"URL\" data-id=\"https:\/\/cbhbois.meioambiente.go.gov.br\/wp-content\/uploads\/2022\/01\/Oficio-029-2017-RIO-PARANAIBA-Indicacao-CT.pdf\" target=\"_blank\" rel=\"noreferrer noopener\">Of\u00edcio 029 &#8211; 2017 &#8211; RIO PARANA\u00cdBA &#8211; Indica\u00e7\u00e3o CT<\/a><\/p>\n\n\n\n<p><a href=\"https:\/\/cbhbois.meioambiente.go.gov.br\/wp-content\/uploads\/2022\/01\/Oficio-026-2016-ACIRV-Solicitacao-de-auditorio.pdf\" data-type=\"URL\" data-id=\"https:\/\/cbhbois.meioambiente.go.gov.br\/wp-content\/uploads\/2022\/01\/Oficio-026-2016-ACIRV-Solicitacao-de-auditorio.pdf\" target=\"_blank\" rel=\"noreferrer noopener\">Of\u00edcio 026 &#8211; 2016 &#8211; ACIRV &#8211; Solicita\u00e7\u00e3o de audit\u00f3rio<\/a><\/p>\n\n\n\n<p><a href=\"https:\/\/cbhbois.meioambiente.go.gov.br\/wp-content\/uploads\/2022\/01\/Oficio-025-2016-ACIRV-Solicitacao-de-auditorio.pdf\" data-type=\"URL\" data-id=\"https:\/\/cbhbois.meioambiente.go.gov.br\/wp-content\/uploads\/2022\/01\/Oficio-025-2016-ACIRV-Solicitacao-de-auditorio.pdf\" target=\"_blank\" rel=\"noreferrer noopener\">Of\u00edcio 025 &#8211; 2016 &#8211; ACIRV &#8211; Solicita\u00e7\u00e3o de audit\u00f3rio<\/a><\/p>\n\n\n\n<p><a href=\"https:\/\/cbhbois.meioambiente.go.gov.br\/wp-content\/uploads\/2022\/01\/Oficio-020-2016-Apoio.pdf\" data-type=\"URL\" data-id=\"https:\/\/cbhbois.meioambiente.go.gov.br\/wp-content\/uploads\/2022\/01\/Oficio-020-2016-Apoio.pdf\" target=\"_blank\" rel=\"noreferrer noopener\">Of\u00edcio 020 &#8211; 2016 &#8211; Apoio<\/a><\/p>\n\n\n\n<p><\/p>\n<\/div><\/details><\/div>\n\n\n\n<div class=\"wp-block-atomic-blocks-ab-accordion ab-block-accordion\"><details><summary class=\"ab-accordion-title\">Portarias<\/summary><div class=\"ab-accordion-text\">\n<p><a rel=\"noreferrer noopener\" href=\"https:\/\/cbhbois.meioambiente.go.gov.br\/wp-content\/uploads\/2022\/01\/Portaria-003-InStitui-GT-CONFLITO-2016.pdf\" data-type=\"URL\" data-id=\"https:\/\/cbhbois.meioambiente.go.gov.br\/wp-content\/uploads\/2022\/01\/Portaria-003-InStitui-GT-CONFLITO-2016.pdf\" target=\"_blank\">Portaria 003 &#8211; Institui GT CONFLITO &#8211; 2018<\/a><\/p>\n\n\n\n<p><a href=\"https:\/\/cbhbois.meioambiente.go.gov.br\/wp-content\/uploads\/2022\/01\/Portaria-002-Institui-GT-PLANO-2016.pdf\" data-type=\"URL\" data-id=\"https:\/\/cbhbois.meioambiente.go.gov.br\/wp-content\/uploads\/2022\/01\/Portaria-002-Institui-GT-PLANO-2016.pdf\" target=\"_blank\" rel=\"noreferrer noopener\">Portaria 002 &#8211; Institui GT PLANO &#8211; 2016<\/a><\/p>\n<\/div><\/details><\/div>\n\n\n\n<p><\/p>\n","protected":false},"excerpt":{"rendered":"","protected":false},"author":2,"featured_media":0,"parent":0,"menu_order":0,"comment_status":"closed","ping_status":"closed","template":"general-template.php","meta":{"footnotes":""},"class_list":["post-56","page","type-page","status-publish","hentry"],"featured_image_src":null,"featured_image_src_square":null,"jetpack_sharing_enabled":true,"_links":{"self":[{"href":"https:\/\/cbhbois.meioambiente.go.gov.br\/index.php?rest_route=\/wp\/v2\/pages\/56","targetHints":{"allow":["GET"]}}],"collection":[{"href":"https:\/\/cbhbois.meioambiente.go.gov.br\/index.php?rest_route=\/wp\/v2\/pages"}],"about":[{"href":"https:\/\/cbhbois.meioambiente.go.gov.br\/index.php?rest_route=\/wp\/v2\/types\/page"}],"author":[{"embeddable":true,"href":"https:\/\/cbhbois.meioambiente.go.gov.br\/index.php?rest_route=\/wp\/v2\/users\/2"}],"replies":[{"embeddable":true,"href":"https:\/\/cbhbois.meioambiente.go.gov.br\/index.php?rest_route=%2Fwp%2Fv2%2Fcomments&post=56"}],"version-history":[{"count":8,"href":"https:\/\/cbhbois.meioambiente.go.gov.br\/index.php?rest_route=\/wp\/v2\/pages\/56\/revisions"}],"predecessor-version":[{"id":680,"href":"https:\/\/cbhbois.meioambiente.go.gov.br\/index.php?rest_route=\/wp\/v2\/pages\/56\/revisions\/680"}],"wp:attachment":[{"href":"https:\/\/cbhbois.meioambiente.go.gov.br\/index.php?rest_route=%2Fwp%2Fv2%2Fmedia&parent=56"}],"curies":[{"name":"wp","href":"https:\/\/api.w.org\/{rel}","templated":true}]}}